et a(h) = -h + 5. Let v be a(2). Let q be ((12 - 2) + -3)/1. Let o(j) = j**2 - 4*j - 6. Let k be o(q). Calculate the highest common divisor of v and k.
3
Let x be ((-6)/(-4))/(2/4). Let o be (-1)/(-3)*4*x. Let g be 27/((-15)/(-20) - 0). Calculate the highest common divisor of g and o.
4
Suppose 0 = 3*b + f - 45, 34 = 4*b - f - 19. Let x = 1482 - 1370. Calculate the highest common divisor of x and b.
14
Let x = -782 - -858. Calculate the highest common factor of x and 3116.
76
Let q be (69 - 80)*(-7)/1. Suppose -3*a + 6*a - 33 = 0. What is the greatest common factor of q and a?
11
Let n be (-10 + 7 + 0)*(-136)/6. What is the highest common factor of 102 and n?
34
Let g = 1 - -1. Let m be 6 - -7 - 4/(16/20). Calculate the highest common divisor of g and m.
2
Let a be 6/15 - (-39)/15. Suppose 14 = -5*h - a*l + 445, -2*h + l + 179 = 0. What is the highest common divisor of h and 8?
8
Let f be (-202)/(-17) - (-12)/102 - 2. Suppose -f = c - 52. Suppose -i - 9 = -3*g, 3*i = g - 9 + 22. Calculate the greatest common factor of i and c.
6
Suppose 24*j = 3800 + 856. Calculate the highest common factor of 1067 and j.
97
Let t = -16 + 11. Let d be (1 + 4)*(-3)/t. What is the greatest common factor of d and 9?
3
Suppose -4*s + 2*q = -22 + 8, 5*s - q - 22 = 0. Suppose 4*b = 16, i - s*b - 14 = -10. What is the highest common divisor of 216 and i?
24
Let a = 3735 - 2238. Suppose -3*t + 5*t = v + 598, -a = -5*t + 3*v. Let x = -164 + t. Calculate the greatest common divisor of 19 and x.
19
Let p(f) = -f + 9. Let u be p(4). Let y(c) = 24*c - 15. Let b be y(u). What is the greatest common divisor of 35 and b?
35
Let n be (-6)/15*(-25 - 0). Let t = n - 14. Let c be 3/t + 75/4. Calculate the greatest common factor of c and 9.
9
Let l(k) = -431*k - 1203. Let o be l(-3). Let d be (-56)/(-6) - 4/(-6). Calculate the greatest common factor of o and d.
10
Let l be 10*(-48)/(-3)*10/20. Let w = -25 - -45. What is the highest common divisor of w and l?
20
Suppose 164 = 4*t + 2*c, -t - c = -33 - 7. Suppose 4 = 4*a - 4*r, a + 4*r - 6*r = 0. Let l be (252/60)/(a/10). What is the highest common factor of l and t?
21
Let l(m) = m**3 - 3*m**2 - 6*m - 6. Let u be l(5). Let p(k) = -k**2 + 9*k - 11. Let f be p(6). Calculate the greatest common factor of f and u.
7
Let u be (160/6)/((-1)/(-9)). What is the greatest common factor of 15 and u?
15
Let o be ((-55)/10)/(2/(-4)). Let n = o + -8. Suppose f = 5, -4*k + 16 = -f - n. What is the highest common factor of k and 3?
3
Let o = 7 + 2. Let k be ((-1792)/(-384))/(2/27). What is the highest common factor of o and k?
9
Let f be -1 - -1 - 48/(-3). What is the highest common divisor of 10 and f?
2
Let q(n) = n**2 - 13*n + 14. Let l be q(12). Suppose 4*s + 5*b = 42, 3*s = 6*s - l*b - 43. Suppose 2*c - s = -1. What is the highest common factor of c and 9?
3
Let x be (-24)/(-40) + 304/10. Let t be ((-124)/6)/(4*(-3)/18). What is the highest common divisor of x and t?
31
Let c = -338 - -403. Calculate the greatest common divisor of c and 130.
65
Let q be (6 - (-4 - -1))*100. Let g be ((-4)/6)/((-24)/q). Calculate the highest common factor of 5 and g.
5
Let t be (-16)/(-24)*894/4. Suppose t = -5*l + 514. Suppose -2*a - 5*m = -22 - 17, -5*m + l = 4*a. What is the highest common factor of a and 187?
17
Let d(b) = -2*b - 4. Let q be d(7). Let m be 28/126 + (-3488)/q. Suppose 5*r = 2*x - 75, 3*x + 5*r = -19 + m. Calculate the greatest common factor of x and 25.
25
Let f = 19 - 20. Let a(r) = -25*r**3 + r**2 + r + 1. Let v be a(f). What is the greatest common factor of v and 234?
26
Suppose -238*j + 239*j = 392. What is the greatest common divisor of 84 and j?
28
Let g = -14 - -95. Calculate the highest common divisor of 135 and g.
27
Suppose -5*a - 12 = 18. Let m be (-8)/a*(-30)/(-4). Let f = 24 - 4. What is the greatest common factor of m and f?
10
Suppose -40 = -25*q + 21*q. Suppose -3*a = -5*a - q, 0 = w - 4*a - 22. What is the highest common divisor of 14 and w?
2
Suppose 0 = 4*f - 511 - 1569. Let n = 186 - f. Let r be (-1)/(-4) + n/(-8). Calculate the greatest common divisor of 14 and r.
14
Let x = 39 - 20. Let h(n) = n**2 - 7*n - 3. Let u be h(11). Let r = u - -16. Calculate the highest common factor of r and x.
19
Let v = 1354 - 793. What is the highest common factor of v and 33?
33
Let u(k) = 3*k**2 + k - 58. Let w be u(-8). Calculate the greatest common divisor of 72 and w.
18
Suppose 2*t + 0*t = -3*q - 422, 0 = 4*t + 3*q + 856. Let u = t - -407. Let d = -113 + u. What is the greatest common divisor of d and 7?
7
Let m(o) = -93*o**3 + o**2 + 2*o + 1. Let a be m(-1). Suppose -14*z = 19*z - 2046. What is the greatest common divisor of a and z?
31
Suppose -4*q + 270 = 3*b, 7*q = -2*b + 2*q + 180. Let c = b + -30. What is the highest common factor of 5 and c?
5
Suppose 0 = l + 4*l - 180. Calculate the highest common divisor of 162 and l.
18
Suppose 42 = -4*b + 2*k, -b - 2*k + k = 12. Let i = 14 + b. Suppose -12 = i*j, 2*z - 5*j - 210 = -2*j. Calculate the highest common factor of 11 and z.
11
Let g be (3 + -3 - 0 - 2)*-3. Calculate the highest common divisor of g and 8.
2
Let y(w) = -69*w + 491. Let t be y(7). Suppose a - 4 = -a. What is the greatest common factor of t and a?
2
Let z be 6/(-24)*(-8)/2. Calculate the greatest common divisor of z and 4.
1
Suppose -12 = -41*d + 37*d. Suppose -3*k = -k - 8. Suppose d*v - 11 = -3*w + k*v, -3*v - 21 = -3*w. What is the greatest common divisor of 2 and w?
2
Suppose -369*i = -372*i + 33. Calculate the greatest common factor of 22 and i.
11
Let j = 52 + -22. Let a = -274 - -276. Suppose a*l = -l + j. What is the greatest common divisor of l and 110?
10
Let z be 6/(-1*(0 + -1)). Let y be 64 - (20/(-10) - -12). Calculate the highest common divisor of y and z.
6
Suppose 0*u + u - 4*x = -16, 0 = -u - 3*x + 12. Suppose -4 = -2*h - 5*j + 17, u = -4*h - 5*j + 47. Calculate the highest common divisor of 91 and h.
13
Let l = -31 + 50. Calculate the highest common divisor of l and 95.
19
Suppose 0 = r - 5 - 15. Let c = 7 + -2. What is the greatest common factor of c and r?
5
Suppose 5*r - 4*h - 120 = -9*h, h = r - 24. Let a = -4 + 4. Let f(l) = -l**2 + l + 36. Let b be f(a). What is the greatest common divisor of b and r?
12
Let f(w) = 2*w - 38. Let n be f(20). Suppose -165 = -13*x + n*x. What is the highest common divisor of x and 30?
15
Let b be 2/3*(-33)/(-2). Suppose 0 = -11*m + 2*m + 162. Suppose -m*w + 55 = -17*w. Calculate the highest common factor of w and b.
11
Let g = 30 + -28. Suppose -g*l + 54 = -288. Calculate the highest common divisor of l and 19.
19
Suppose 0*h + 2*h - 54 = -4*d, 4*d - 57 = h. Let q(o) = -o + 14. Let u be q(12). Suppose u*m = 9 + 19. What is the highest common divisor of d and m?
14
Let p = -26 + 26. Let l be (p - (-27)/(-2))/(1/(-2)). Calculate the greatest common factor of 9 and l.
9
Let o(k) = -11*k**2 + 84*k + 7. Let i be o(7). Calculate the highest common factor of i and 378.
14
Let k = -104 + 148. Suppose -m = -r + 78, r - 5*m - k = 46. Suppose 2*i + 60 = 6*i. Calculate the highest common divisor of r and i.
15
Let n = 3 - -67. Suppose 2*w + t + 6 - 19 = 0, 3*t - 9 = 0. Let c be 2/6*(1 - -20)*w. Calculate the highest common divisor of n and c.
35
Let y be (133/28 + 4)*8. Calculate the highest common factor of y and 420.
70
Let k(d) = d**2 + 2*d + 4. Let u be k(-3). Let o be 1*1/3*6. Suppose -2*v - o*f = -18, 4*v - 3*f - 20 = f. Calculate the greatest common factor of v and u.
7
Let i(d) = 67*d - 97. Let k be i(3). What is the highest common factor of k and 39?
13
Let h = 23 + -20. Suppose h = -3*j + 15. Suppose 3*l = 12, 0 = 3*z - j*l - 12 - 122. What is the highest common factor of 5 and z?
5
Suppose -3*v + 16*d + 1980 = 18*d, -v + 660 = -d. What is the highest common factor of v and 88?
44
Let d(j) = -j**2 + 8*j - 9. Let i be 1/(-2)*12/(-1). Let z be d(i). Let q = 57 + -55. What is the greatest common divisor of q and z?
1
Suppose 4*m + 12 = -2*a, 5*m - 12 = -a + 3*a. Let c(o) = o**3 + 6*o**2 - o. Let q be c(a). Calculate the greatest common divisor of 66 and q.
6
Let h = 381 + -353. Calculate the greatest common factor of 14 and h.
14
Let z(s) = -s**2 - 2*s. Let j be z(-2). Suppose j = -2*a - 2*a + 20. Let f = -3 + 13. What is the highest common divisor of a and f?
